the prime factors of b?
2, 5
Let o(z) = 0*z + 12*z**2 + 0 - 4*z + z**3 - 9 - 2. What are the prime factors of o(-12)?
37
Suppose -6 = 2*c + 4*x, 4 = 5*c + x - 17. List the prime factors of 212/20 + 2/c.
11
Let p(a) = -269*a - 1. Let s be p(-1). Suppose 3*x + s = -x. Let f = x - -98. List the prime factors of f.
31
Suppose -3*q - q = -48. Let g be (2 - (1 - -3)) + q. List the prime factors of (1 - 21)/(-11 + g).
2, 5
Let m = 5 - 8. List the prime factors of m + (-13)/(65/(-90)).
3, 5
Let a(k) = -15*k**2 + 43*k**3 - 12*k + 3*k**2 - 20*k**3 - 22*k**3 + 12. Let y(r) = -7*r - 1. Let x be y(-2). What are the prime factors of a(x)?
5
Suppose -79*v - 72 = -83*v. Suppose -v*u + 5 = -17*u. List the prime factors of u.
5
Let p(y) be the second derivative of -9*y - 1/3*y**3 + 0*y**2 + 0. List the prime factors of p(-5).
2, 5
Suppose -x + 3 = m, 2*m = 3*x - 2*x. Suppose -x*c - c = 0. Suppose 3*j - 66 = -c*j. What are the prime factors of j?
2, 11
Let y = -404 + 1678. What are the prime factors of y?
2, 7, 13
Suppose 17*g - 2*g - 6750 = 0. List the prime factors of ((-18)/(-45))/(2/g).
2, 3, 5
List the prime factors of (-2463*(-3)/27)/(10/30).
821
Let d = -14 - -3. Let z be 7*d/((-231)/72). Suppose 0 = 5*c - z + 4. What are the prime factors of c?
2
Let j = -1216 + 1881. What are the prime factors of j?
5, 7, 19
Let j(o) = -14*o**3 + 3*o**2 - 6*o - 17. What are the prime factors of j(-4)?
3, 317
Suppose 0 = -4*z - 2*z. Suppose 3*h + 12 - 189 = z. List the prime factors of h.
59
Let z = 108 - 114. What are the prime factors of 2/z - 3248/(-24)?
3, 5
List the prime factors of (-8)/(-44) - 11854/(-22).
7, 11
Let p = 86 - 84. Let s(l) = 14*l**3 - 2*l**2 - 4*l + 3. What are the prime factors of s(p)?
3, 11
Let o(p) = 3*p. Suppose 4*r = 2 + 18. Let k(u) = -u**3 + 5*u**2 + u + 7. Let d be k(r). List the prime factors of o(d).
2, 3
Suppose -4631 = -6*p + 3*p - 4*b, 2*b - 3088 = -2*p. List the prime factors of p.
3, 5, 103
Let z = -108 - -169. Suppose 3*r + m + 5 = 3, -2*m + 14 = -3*r. Let p = z + r. List the prime factors of p.
59
Suppose -q = 3*t + 2*t + 557, -5*q = -4*t - 434. Let s = -41 - t. List the prime factors of s.
2, 5, 7
Let a(l) = -18*l + 1. Suppose 4*d - 3*t = -32, 0 = -2*d + 3*t - 2*t - 14. List the prime factors of a(d).
7, 13
Let w = 13 - 11. Suppose 2*k = -q - 3*k + 40, 4*q + w*k = 232. What are the prime factors of q?
2, 3, 5
Let i(q) = 5*q**2 - 2*q + 9. Let u be i(3). Let a = u - 41. What are the prime factors of a?
7
Suppose -j + 3*j - 6 = 3*y, -4*y - 5*j = -15. Suppose -20 = 5*v - p - 156, -4*v + 3*p + 111 = y. Suppose v - 67 = -2*q. What are the prime factors of q?
2, 5
Let z(u) = u - 4. Let w be z(8). Suppose -7*d + 408 = -w*d. Suppose -4*y - 3*s + d = -0*s, 4*s - 21 = -y. List the prime factors of y.
37
Let r = -49 + 53. Suppose 2*c - r*q = 5*c - 247, -2 = q. What are the prime factors of c?
5, 17
Suppose 0 = 4*f + 2*r - 1642, -r = -4*f + 4*r + 1621. What are the prime factors of f?
409
Let d(j) = -6*j**3 + 8*j**2 - 7*j - 14. What are the prime factors of d(-5)?
971
Let a be 0 + (2 - 3)*-5. Let k(b) = -7 - 2*b - 7 + 26. List the prime factors of k(a).
2
What are the prime factors of 127 - (-19)/(133/42)?
7, 19
Let b = 13 - -64. Let g = 109 - b. List the prime factors of g.
2
Suppose -14*a = -47*a + 18744. List the prime factors of a.
2, 71
Let j be (0/(-2 + 4))/(-2). Suppose j = 4*f - 0*z + 2*z + 16, z + 14 = -5*f. List the prime factors of (-4)/(-4) - 44/f.
23
Let l = 58 + -53. Suppose -l*k - 6 = -4*b, -5*b = -14 - 6. What are the prime factors of k?
2
Suppose -1691 = -w + 4*k + 1624, -5*w = 3*k - 16598. List the prime factors of w.
3319
Let w(o) = o**2 - 2. Let k be w(-2). Suppose k*a = c + 5, 5*c - 3*a = 2*c - 9. List the prime factors of 1/(-2)*44/c.
2, 11
Suppose 71 + 4 = -n. Let m = -22 - n. List the prime factors of m.
53
List the prime factors of ((-10)/(20/(-6)) - -3640) + 0.
3643
Suppose 11 = 4*y + 2*r - 21, -3*r = -4*y + 12. Suppose 72 = y*t - 2*t. Suppose 7*g - 4*g = t. List the prime factors of g.
2, 3
What are the prime factors of (-3 - (-35)/15) + (-8421)/(-9)?
5, 11, 17
Let r(k) = k**2 - k - 8. Suppose 8 = -4*u + 2*u. Let y be r(u). List the prime factors of 2*y + (1 - 4).
3, 7
Suppose 404 = a - 4*o, 0*a - a = 3*o - 404. What are the prime factors of a?
2, 101
List the prime factors of ((-12261)/244)/((-1)/8).
2, 3, 67
Suppose 3*u + 58 + 30 = -2*f, 0 = -4*u - 4*f - 120. What are the prime factors of (-1)/(-7) + (-80)/u?
3
Suppose 9*x - 1049 = 796. What are the prime factors of x?
5, 41
List the prime factors of (-6 + 7 - 5) + 1590.
2, 13, 61
Let h = 1189 + 188. List the prime factors of h.
3, 17
Suppose -69 + 29 = 2*a. What are the prime factors of 175/2*a/(-7)?
2, 5
What are the prime factors of (3 - 1)/(0 + 2/1166)?
2, 11, 53
Suppose -1516 - 1642 = -f. What are the prime factors of f?
2, 1579
Suppose -7*i = -830 - 3118. What are the prime factors of i?
2, 3, 47
Let p be 4/((-21)/4 + 5). Let r = p + 117. List the prime factors of r.
101
Suppose -31*s + 402222 = 55*s. What are the prime factors of s?
3, 1559
Suppose -11*s = -6*s - 1185. What are the prime factors of s?
3, 79
Let m = 3247 - 1322. List the prime factors of m.
5, 7, 11
What are the prime factors of ((-66)/(-22))/(4/((-5704)/(-6)))?
23, 31
Suppose 25 + 5 = -3*f. Let d be (-2 + 8)*(1 + f). Let r = d - -92. What are the prime factors of r?
2, 19
Let a be 10/25 + (-74)/10. Let y = a - -11. Suppose -12 = -y*b + 108. List the prime factors of b.
2, 3, 5
Suppose -4*w - 4*b + 8 = 0, -2*w + 2*b = -b - 4. Suppose -w*d + 11*d = 405. What are the prime factors of d?
3, 5
Suppose -29*m + 22165 = -16*m. List the prime factors of m.
5, 11, 31
Let x = 2623 - 1871. List the prime factors of x.
2, 47
Let g be 3/(-5)*(8 - 3). Let t be 6/18 + (-5)/g. Suppose 84 = 2*h + t*h. What are the prime factors of h?
3, 7
Let i(o) be the first derivative of -8*o**3/3 + 5*o**2/2 - 5*o - 3. Let f(b) = b**2 - b + 1. Let d(j) = -5*f(j) - i(j). What are the prime factors of d(-2)?
2, 3
Let q = -29 - -46. Let t = q - 5. Let z = -4 + t. List the prime factors of z.
2
Let d = -4808 - -7457. What are the prime factors of d?
3, 883
Let b(a) = 4 + 3 - 37*a + 36*a. List the prime factors of b(-25).
2
Suppose 0 = -5*a - 9 + 4. Let h be a*3*3/(-9). Let w(v) = 65*v**2 - 2*v + 3. What are the prime factors of w(h)?
2, 3, 11
Let h be 3/(((-6)/(-10))/1). Let g(i) = -3*i**2 + 6*i + 7. Let u be g(h). Let r = -19 - u. What are the prime factors of r?
19
Let u(q) = q**2 + 6*q + 5. Let i be u(-11). Let s = i - 22. List the prime factors of s.
2, 19
Let o(q) = 3*q + 9. Let x be (-4)/(-10) - 162/30. Let y be o(x). List the prime factors of (0 + y)*21/(-9).
2, 7
Let b = 18 - 13. Suppose 3*x - 6*x - 43 = -4*u, 0 = -3*x + b*u - 47. List the prime factors of 2/x - 814/(-18).
3, 5
Let u(t) = -2*t**3 + t**2 + 3*t - 6. Let w be u(3). Let r = w + 105. What are the prime factors of r?
3, 7
Let a = 8148 + -4617. List the prime factors of a.
3, 11, 107
Suppose -183*v = -189*v + 7752. List the prime factors of v.
2, 17, 19
Suppose 40 = -3*i - 8. Let d = i - -12. List the prime factors of -42*(3 + d) - -1.
43
Let r(w) = -7*w**3 - 8*w**2 - 20*w - 4. List the prime factors of r(-8).
2, 3, 269
Suppose -2*i + 4*i - 3*j = -11, -5*i - 3*j + 4 = 0. What are the prime factors of i/2 + (-301)/(-2)?
2, 3, 5
Let j be (-36)/(-18) - (-1 + 13). Let o be 3/5 - 84/j. Suppose -3*m = 5*a - 85, 0 = 3*a + 3 + o. List the prime factors of m.
5, 7
Suppose 9*h + 148 = 11*h. List the prime factors of (34 - h)/(2 - (-48)/(-22)).
2, 5, 11
Suppose -g + 2 = 1. Suppose 5*k = g + 74. List the prime factors of k.
3, 5
What are the prime factors of (-1)/3*(-9 - 7149) + -5?
2381
Suppose 8*j = 3*j + 5*o - 25, j + 3*o - 15 = 0. Suppose 14*k - 12*k - 58 = j. What are the prime factors of k?
29
Let v = -246 + 632. What are the prime factors of v?
2, 193
Let z = 7 + -7. Suppose -p - 4*w + 5 + 3 = z, -4*w = -5*p - 8. Suppose -k + 30 + p = 0. List the prime factors of k.
2, 3, 5
Suppose 23 = -5*f - 47. Let z = f + 22. What are the prime factors of z?
2
Let f = 1060 - 549. List the prime factors of f.
7, 73
Suppose 0 = 2*h + 1 - 3. Let w(p) = 39*p**2 - p + 2. What are the prime factors of w(h)?
2, 5
Suppose 0 = -m + 556 + 814. List the prime factors of m.
2, 5, 137